?
4
Suppose a - 4 = 0, 0 = 20*h - 22*h - 5*a + 44. What is the units digit of h?
2
Let c(q) = q**2 + 8*q + 10. Let a = -12 - -3. Let o be (50/(-15))/((-3)/a). What is the tens digit of c(o)?
3
Let c = -11 + 30. Let i = 27 + 52. Suppose c = 2*n - i. What is the tens digit of n?
4
Suppose v - 8 = 8. Suppose -15*o = -v*o + 176. What is the tens digit of o?
7
Let a be ((-6)/1)/(-3) - 0. Suppose -2*h = -2*u - 112, -a*h - 3*u = u - 106. What is the tens digit of h?
5
Let m be (-405)/(-5)*1/3. Suppose 30*o - 177 = m*o. What is the tens digit of o?
5
Let x = 1690 - 761. What is the units digit of x?
9
What is the tens digit of (-3 + 29)/(9/(1206/4))?
7
Let q = 5579 - 3698. What is the tens digit of q?
8
Let t(r) = r + 1. Let m(a) = 3*a + 8. Let s(y) = 5*m(y) - 35*t(y). Let d be 12/42 - 32/14. What is the tens digit of s(d)?
4
Let f = 367 - -111. What is the tens digit of f?
7
Let b(p) = -34*p - 88. What is the tens digit of b(-16)?
5
Let p(g) = g**3 + 14*g**2 - 22*g - 17. Let z be p(-15). Suppose -4*r + 4*u = -z, 2*r - 3*u + 2 = 48. What is the units digit of r?
0
Let t be ((-12)/10)/((-3)/10). Suppose -i - 4*b + 14 = -0*i, 0 = -2*b + t. Let s = i - -21. What is the tens digit of s?
2
Suppose 3*n - 2 = 4. Let d(p) = -4 - 2 - 2*p + 47*p**n + 0 + 4. What is the units digit of d(-1)?
7
Suppose -4*t = -26 + 10. Let b = 276 + -262. Suppose 5*s - 164 = -5*g - b, t*s - 119 = -5*g. What is the tens digit of s?
3
Let k = 55 + -44. Suppose 5*j = -z + 107, 6*j - k*j = 2*z - 204. What is the units digit of z?
7
What is the units digit of 2759 + 0 + 3/(39/65)?
4
Suppose -5*y - 2*r = -30, -4*y + 38 - 12 = 2*r. Suppose -y*t + 63 + 21 = 0. What is the units digit of t?
1
Suppose w + 3*w - 5824 = 4*s, -7272 = -5*w + 3*s. What is the units digit of w?
2
Let x(t) = 16*t - 7. Let p(r) = 86*r - 34. Let j(k) = 2*p(k) - 11*x(k). Let w(z) = z - 2. Let c be w(-3). What is the tens digit of j(c)?
2
Let b(s) = s**3 - 9*s**2 + 11*s - 9. Let w be b(8). Let u = 4 + w. What is the tens digit of 0 + u + (3 - 3)?
1
Suppose 9*n + 12857 = 37166. What is the units digit of n?
1
Suppose -750 = -18*c + 3*c. What is the units digit of c?
0
Suppose -8*i = -1034 - 7950. What is the tens digit of i?
2
Let q = 4 + 5. Suppose -x + 6*s = s + q, 8 = 2*s. What is the tens digit of x*2 - (1 + 1)?
2
Let u = 3 + -13. Let g = u + 10. Suppose -z + 33 = 3*w - 21, -4*w + 4 = g. What is the units digit of z?
1
What is the tens digit of 2/9*(277 + 2)?
6
Suppose -4*l + 4*g + 9 = -7, -l - g = -6. Suppose l*j - 2*j = 21. What is the units digit of j?
7
Let u be 16/(-1)*(-1)/1. Let r = 18 - u. Suppose 0 = -r*x + 2*j + 72, 0*x = -2*x - 4*j + 102. What is the tens digit of x?
4
Suppose -2*m = -8*m + 3204. Suppose 0 = -7*t + m + 460. What is the hundreds digit of t?
1
What is the units digit of 21934/8 + 3/(96/40)?
3
Let y = 1406 + -804. Suppose -4*z = -5*x - y, -z = x - 5*x - 156. What is the hundreds digit of z?
1
Suppose 4*s + 754 - 2526 = 0. What is the hundreds digit of s?
4
Suppose 0 = 5*d - n - 29 + 1, -3*d - 3*n = -24. Suppose 9*h - 702 = d*h. What is the units digit of h?
4
Suppose -f - 8 = -u + 3, 0 = -u + 2. What is the units digit of (-20128)/(-306) + (-2)/f?
6
Suppose 3*d - 3*a = 795, -5*d + a + 1329 = -0*a. What is the units digit of d?
6
Let c = -5785 + 8614. What is the units digit of c?
9
Suppose s - 4*k - 56 = -k, -5*k - 330 = -5*s. Suppose -5*c + 3*p + s = 0, -35 = -c - 2*c - 2*p. What is the units digit of c?
3
Let s(q) = -73. Let r(z) = z - 73. Let y(n) = 5*r(n) - 6*s(n). What is the tens digit of y(0)?
7
Let d = 30 + 45. Let z(c) = -c**3 + 6*c**2 + 6. Let q be z(6). Suppose 4*f = -n + q*n + 43, 5*f = 2*n + d. What is the tens digit of f?
1
Let b(s) = 2*s + 2. Suppose -2*a + 0*a - 5*g + 21 = 0, g = 3*a + 11. Let f be b(a). What is the units digit of (f + 3)/1 + 2?
3
What is the hundreds digit of 0 + (-3)/2 + 18288/32?
5
Let d(l) = 10*l + 70. Let j(h) = 1. Let s(v) = -d(v) + 60*j(v). What is the units digit of s(-8)?
0
Suppose 121*z = 124*z - 4881. What is the tens digit of z?
2
Suppose 7 = 3*w - 4*w + 2*y, 2*w = 3*y - 9. Suppose -5*l = -4*l + 3*k - 23, w*k - 128 = -4*l. What is the units digit of l?
5
Let z(i) = i**3 + 39*i**2 - 6*i - 83. What is the hundreds digit of z(-35)?
0
Let s = 138 + -94. Let z = -72 + s. Let a = -12 - z. What is the tens digit of a?
1
What is the hundreds digit of (82/(-4))/((-2)/168)?
7
Suppose 90*z + 7144 = 98*z. What is the units digit of z?
3
Suppose 102 = 4*z - 6. Let c = 63 + -37. Let g = z - c. What is the units digit of g?
1
Suppose 10 = 2*v - 5*n, 2*v + 3*v - 48 = n. Let w = v + -8. Suppose 5*l = w*l + 57. What is the units digit of l?
9
Suppose -3*u - 1133 = -2*j - 203, 0 = 2*j - 4*u - 928. What is the tens digit of j?
6
Let j(u) be the third derivative of u**4/24 - 4*u**3/3 - 4*u**2. Let r be j(10). Suppose 5*b - 25 = -5*t, -t + r*b = -6*t + 28. What is the units digit of t?
6
Suppose 2*f = 4*a - 4794, -1206 = -a + 19*f - 21*f. What is the tens digit of a?
0
Suppose -5*k + 6 = -2*k. Let h = 5 - k. Suppose -h*o = -23 - 1. What is the units digit of o?
8
Suppose 1 = 5*w - 4. Let b be ((-3 + 3)/w)/2. Suppose -5*s + 2*s + 106 = -c, 5*c + 20 = b. What is the tens digit of s?
3
Suppose 4*k + 0*k = -20. Let g(j) = -j**2 - 2*j + 1. Let q be g(k). Let p = -10 - q. What is the units digit of p?
4
Suppose -2*f = 5*x - 17, -x = -5*x - 2*f + 14. Let l be 133 + (-2)/(-3)*x. Let o = -88 + l. What is the tens digit of o?
4
Let z be ((-3)/((-15)/(-40)))/(-2). Suppose z*a = 180 + 144. What is the tens digit of a?
8
Let y = -221 - -331. Let u = y + -36. What is the tens digit of u?
7
Suppose 14 + 2 = 4*g. Suppose q - 6*q + g = -2*h, 0 = 4*h + 3*q + 8. Let u = h - -7. What is the units digit of u?
5
Let z be (6/4)/((-2)/4). Let s(q) = -5 + 1 - 7*q**2 + 5*q**2 + 6*q**2 + 5*q. What is the units digit of s(z)?
7
Let t(j) = -3*j + 2. Let o be t(-10). Let i = -23 - o. What is the tens digit of (-3 - 0) + (-4 - i)?
4
What is the units digit of (-14)/10 + 1 + (-416228)/(-170)?
8
Let l = -52 + 59. Suppose -12*w + 125 = -l*w. What is the units digit of w?
5
Suppose -3*v - 148 = -5*x, 3*x - v - 76 = 4*v. Suppose 0 = 3*a + y - x, -5*a - y + 33 + 17 = 0. What is the units digit of a?
9
Let r = 1 - -35. Suppose 5*p = -10, j + p = -j + r. What is the units digit of j?
9
Suppose -1 = 3*c - 7. Suppose 321 = -3*m + 3*r, -7*m - 527 = -c*m - r. What is the units digit of 2/(-3) + m/(-9)?
1
Suppose 23*p = -3401 + 15154. What is the hundreds digit of p?
5
Let k(l) = -l**3 - 14*l**2 + 9*l - 37. Let t = 29 + -44. What is the units digit of k(t)?
3
Let x(p) be the third derivative of p**6/120 - p**5/5 - p**4/6 + 2*p**3 - 13*p**2. What is the tens digit of x(13)?
2
Let r(i) = -591*i**3 + 2*i**2 + 4*i + 3. What is the units digit of r(-1)?
2
Suppose 5*c - 4*g = 160, 4*g = 4*c - 0*g - 128. Suppose 2*q - 5*v - c - 10 = 0, 4*v = 3*q - 49. Suppose 3*f = -q + 104. What is the tens digit of f?
3
Let w = 99 + -75. Suppose w*p - 12*p - 1320 = 0. What is the units digit of p?
0
Suppose c = 6*z - 3*z + 2, 0 = -3*c + 6. Suppose -4*w - 81 + 377 = z. Suppose -3*h = 2*y - 6*h - 48, 3*y - w = 4*h. What is the units digit of y?
0
Let o(j) = -4*j - 4. Suppose -10 = -0*h + 5*h. Let f be o(h). Suppose q + 5*u + 8 - 38 = 0, 4*u = -f*q + 72. What is the tens digit of q?
1
Let s = 89 - 85. What is the tens digit of (90/4)/((-13)/s - -4)?
3
Let f(l) = 2*l - 23. Suppose k + 124 = 3*h, -3*h + 4*h - 4*k - 45 = 0. Let a = h - 29. What is the units digit of f(a)?
1
Let u(a) = -2 - 15*a + 6*a + 6*a. Let g be u(-1). What is the tens digit of 3510/75 + g/5?
4
Let a(p) be the second derivative of -1/20*p**5 - 7/6*p**4 + 2*p - 1/6*p**3 - 1/2*p**2 + 0. What is the units digit of a(-14)?
3
Let j = 1755 + -1094. What is the tens digit of j?
6
Let n be (1 - 1) + 8 + (-196 - -4). What is the tens digit of n/(-2) - (-3 - 2)?
9
Suppose 49*u + 1220 = 51*u. Suppose -2*z = -7*z - 5*n + u, 0 = z + 5*n - 118. What is the tens digit of z?
2
Suppose 0 = 3*p - 2*r - 9, 5*p + 2*r - 16 = 3*p. Suppose 0 = -p*w + 36 - 6. What is the units digit of 52/8 - (-3)/w?
7
Let t(h) = -2*h - 14. Let s be t(29). What is the tens digit of 288/(-112)*(s + -1 + 3)?
8
Let o(i) = 6*i**2 + 4*i + 15. Let c = 121 + -116. What is the tens digit of o(c)?
8
Let i(l) = 